{"id":79,"date":"2017-07-15T13:15:38","date_gmt":"2017-07-15T11:15:38","guid":{"rendered":"http:\/\/www.violadagamba.co.at\/esterhazyensemble\/?page_id=79"},"modified":"2018-07-20T22:25:38","modified_gmt":"2018-07-20T20:25:38","slug":"michael-bruessing","status":"publish","type":"page","link":"https:\/\/www.violadagamba.co.at\/esterhazyensemble\/?page_id=79","title":{"rendered":"Michael Br\u00fcssing"},"content":{"rendered":"<div>\n<div id=\"txt_4\">\n<p class=\"Textk\u00f6rper-P\"><span class=\"Roter-Text-C\"><img loading=\"lazy\" decoding=\"async\" class=\"alignnone\" src=\"http:\/\/www.barytontrio.hu\/wpimages\/wpe98c7aac_06.png\" alt=\"Michael Br\u00fcssing\" width=\"397\" height=\"367\" border=\"0\"> <\/span><\/p>\n<p class=\"Textk\u00f6rper-P\"><span class=\"Roter-Text-C\">Michael Br\u00fcssing <\/span><span class=\"Wp-Roter-Text-C Sz-Roter-Text-C-160px\">(Baryton)<\/span><\/p>\n<p class=\"Textk\u00f6rper-P\"><span class=\"Wp-Roter-Text-C Sz-Roter-Text-C-160px\">Nach dem Violoncello und Schulmusikstudium in Stuttgart kam Michael Br\u00fcssing 1986 nach Wien um dort seine Studien fortzusetzen. Dort begann er, sich auf Barockcello und Viola da gamba zu spezialisieren. Durch rege Konzertt\u00e4tigkeit mit verschiedenen Ensembles f\u00fcr alte Musik lernte er den Reichtum einerseits der Musik der Renaissance und des Fr\u00fchbarock mit Viola da gamba kennen, andererseits die Orchester- und Kammermusikliteratur des 17. und 18. Jahrhunderts.<\/span><\/p>\n<p class=\"Textk\u00f6rper-P\"><span class=\"Wp-Roter-Text-C Sz-Roter-Text-C-160px\">Nach Abschluss des Solisten Diploms f\u00fcr Viola da gamba bei Prof. Philippe Pierlot in Trossingen gr\u00fcndete Michael Br\u00fcssing das Esterh\u00e1zy Ensemble, mit dem Schwerpunkt &nbsp;Kammermusik mit Baryton aus dem Umkreis von F\u00fcrst Nikolaus Esterhazy.<\/span><\/p>\n<p class=\"Textk\u00f6rper-P\"><span class=\"Wp-Roter-Text-C Sz-Roter-Text-C-160px\">Viele Konzerte in Europa und \u00dcbersee, Rundfunk und CD- Produktionen sowie eine vielf\u00e4ltige Unterrichtst\u00e4tigkeit erg\u00e4nzen seine musikalische T\u00e4tigkeit.<\/span><\/p>\n<p class=\"Textk\u00f6rper-P\"><span class=\"Wp-Roter-Text-C Sz-Roter-Text-C-160px\"><a href=\"http:\/\/www.violadagamba.co.at\" target=\"_self\" rel=\"wplightbox~#~52928c7c~#~~#~750~#~1000\">www.violadagamba.co.at<\/a><\/span><\/p>\n<\/div>\n<\/div>\n","protected":false},"excerpt":{"rendered":"<p>Michael Br\u00fcssing (Baryton) Nach dem Violoncello und Schulmusikstudium in Stuttgart kam Michael Br\u00fcssing 1986 nach Wien um dort seine Studien fortzusetzen. Dort begann er, sich auf Barockcello und Viola da gamba zu spezialisieren. Durch rege Konzertt\u00e4tigkeit mit verschiedenen Ensembles f\u00fcr alte Musik lernte er den Reichtum einerseits der Musik der Renaissance und des Fr\u00fchbarock mit &hellip; <\/p>\n<p class=\"link-more\"><a href=\"https:\/\/www.violadagamba.co.at\/esterhazyensemble\/?page_id=79\" class=\"more-link\"><span class=\"screen-reader-text\">\u201eMichael Br\u00fcssing\u201c<\/span> weiterlesen<\/a><\/p>\n","protected":false},"author":1,"featured_media":0,"parent":53,"menu_order":0,"comment_status":"closed","ping_status":"closed","template":"page-full.php","meta":{"ngg_post_thumbnail":0,"footnotes":""},"class_list":["post-79","page","type-page","status-publish","hentry"],"_links":{"self":[{"href":"https:\/\/www.violadagamba.co.at\/esterhazyensemble\/index.php?rest_route=\/wp\/v2\/pages\/79","targetHints":{"allow":["GET"]}}],"collection":[{"href":"https:\/\/www.violadagamba.co.at\/esterhazyensemble\/index.php?rest_route=\/wp\/v2\/pages"}],"about":[{"href":"https:\/\/www.violadagamba.co.at\/esterhazyensemble\/index.php?rest_route=\/wp\/v2\/types\/page"}],"author":[{"embeddable":true,"href":"https:\/\/www.violadagamba.co.at\/esterhazyensemble\/index.php?rest_route=\/wp\/v2\/users\/1"}],"replies":[{"embeddable":true,"href":"https:\/\/www.violadagamba.co.at\/esterhazyensemble\/index.php?rest_route=%2Fwp%2Fv2%2Fcomments&post=79"}],"version-history":[{"count":3,"href":"https:\/\/www.violadagamba.co.at\/esterhazyensemble\/index.php?rest_route=\/wp\/v2\/pages\/79\/revisions"}],"predecessor-version":[{"id":391,"href":"https:\/\/www.violadagamba.co.at\/esterhazyensemble\/index.php?rest_route=\/wp\/v2\/pages\/79\/revisions\/391"}],"up":[{"embeddable":true,"href":"https:\/\/www.violadagamba.co.at\/esterhazyensemble\/index.php?rest_route=\/wp\/v2\/pages\/53"}],"wp:attachment":[{"href":"https:\/\/www.violadagamba.co.at\/esterhazyensemble\/index.php?rest_route=%2Fwp%2Fv2%2Fmedia&parent=79"}],"curies":[{"name":"wp","href":"https:\/\/api.w.org\/{rel}","templated":true}]}}