{"id":83,"date":"2017-07-15T13:17:24","date_gmt":"2017-07-15T11:17:24","guid":{"rendered":"http:\/\/www.violadagamba.co.at\/esterhazyensemble\/?page_id=83"},"modified":"2017-07-15T13:23:31","modified_gmt":"2017-07-15T11:23:31","slug":"maria-andrasfalvy-bruessing","status":"publish","type":"page","link":"https:\/\/www.violadagamba.co.at\/esterhazyensemble\/?page_id=83","title":{"rendered":"M\u00e1ria Andr\u00e1sfalvy-Br\u00fcssing"},"content":{"rendered":"<div>\n<p><img loading=\"lazy\" decoding=\"async\" src=\"http:\/\/www.barytontrio.hu\/wpimages\/wpe37ec962_06.png\" alt=\"\" width=\"385\" height=\"337\" border=\"0\" \/><\/p>\n<div id=\"txt_6\">\n<p class=\"Textk\u00f6rper-P\"><span class=\"Roter-Text-C\">M\u00e1ria Andr\u00e1sfalvy-Br\u00fcssing<\/span><span class=\"Wp-Roter-Text-C Sz-Roter-Text-C-160px\"> (Barockcello, Baryton)<\/span><\/p>\n<p class=\"Textk\u00f6rper-P\"><span class=\"Wp-Roter-Text-C Sz-Roter-Text-C-160px\">Die in Budapest geborene K\u00fcnstlerin studierte in ihrer Geburtsstadt an der Franz Liszt Universit\u00e4t f\u00fcr Musik, Violoncello (Solistendiplom mit Auszeichnung.) Im Jahr 1992 erwarb sie ein internationales Stipendium nach Wien, wo sie bei Prof. Valentin Erben (Alban Berg Quartett) ihr Studium fortsetzen konnte.<\/span><\/p>\n<p class=\"Textk\u00f6rper-P\"><span class=\"Wp-Roter-Text-C Sz-Roter-Text-C-160px\">In Wien hat sie die Gambe kennen gelernt und seit dem besch\u00e4ftigt sie sich als Barockcellistin und Gambistin intensiv mit der alten Musik.<\/span><\/p>\n<p class=\"Textk\u00f6rper-P\"><span class=\"Wp-Roter-Text-C Sz-Roter-Text-C-160px\">Ihre musikalische Erfahrungen hat sie in verschiedenen Orchestern, Ensembles und als Solistin gesammelt. (Ungarische Staatsoper, Ungarisches Rundfunkorchester, Bregenzer Festivalorchester, 1. Frauen-Kammerorchester von \u00d6sterreich)<\/span><\/p>\n<p class=\"Textk\u00f6rper-P\"><span class=\"Wp-Roter-Text-C Sz-Roter-Text-C-160px\">Au\u00dfer der Konzertt\u00e4tigkeit mit dem Esterh\u00e1zy Ensemble leitet sie gemeinsam mit ihrem Mann zahlreiche Musikkurse in europ\u00e4ischen L\u00e4ndern.<\/span><\/p>\n<p class=\"Textk\u00f6rper-P\"><span class=\"Wp-Roter-Text-C Sz-Roter-Text-C-160px\"><a href=\"http:\/\/www.violadagamba.co.at\" target=\"_self\" rel=\"wplightbox~#~5292a0b6~#~~#~750~#~1000\">www.violadagamba.co.at<\/a><\/span><\/p>\n<\/div>\n<p><img loading=\"lazy\" decoding=\"async\" src=\"http:\/\/www.barytontrio.hu\/wpimages\/wpe37ec962_06.png\" alt=\"\" width=\"385\" height=\"337\" border=\"0\" \/><\/p>\n<\/div>\n","protected":false},"excerpt":{"rendered":"<p>M\u00e1ria Andr\u00e1sfalvy-Br\u00fcssing (Barockcello, Baryton) Die in Budapest geborene K\u00fcnstlerin studierte in ihrer Geburtsstadt an der Franz Liszt Universit\u00e4t f\u00fcr Musik, Violoncello (Solistendiplom mit Auszeichnung.) Im Jahr 1992 erwarb sie ein internationales Stipendium nach Wien, wo sie bei Prof. Valentin Erben (Alban Berg Quartett) ihr Studium fortsetzen konnte. In Wien hat sie die Gambe kennen gelernt &hellip; <\/p>\n<p class=\"link-more\"><a href=\"https:\/\/www.violadagamba.co.at\/esterhazyensemble\/?page_id=83\" class=\"more-link\"><span class=\"screen-reader-text\">\u201eM\u00e1ria Andr\u00e1sfalvy-Br\u00fcssing\u201c<\/span> weiterlesen<\/a><\/p>\n","protected":false},"author":1,"featured_media":0,"parent":53,"menu_order":0,"comment_status":"closed","ping_status":"closed","template":"page-full.php","meta":{"ngg_post_thumbnail":0,"footnotes":""},"class_list":["post-83","page","type-page","status-publish","hentry"],"_links":{"self":[{"href":"https:\/\/www.violadagamba.co.at\/esterhazyensemble\/index.php?rest_route=\/wp\/v2\/pages\/83","targetHints":{"allow":["GET"]}}],"collection":[{"href":"https:\/\/www.violadagamba.co.at\/esterhazyensemble\/index.php?rest_route=\/wp\/v2\/pages"}],"about":[{"href":"https:\/\/www.violadagamba.co.at\/esterhazyensemble\/index.php?rest_route=\/wp\/v2\/types\/page"}],"author":[{"embeddable":true,"href":"https:\/\/www.violadagamba.co.at\/esterhazyensemble\/index.php?rest_route=\/wp\/v2\/users\/1"}],"replies":[{"embeddable":true,"href":"https:\/\/www.violadagamba.co.at\/esterhazyensemble\/index.php?rest_route=%2Fwp%2Fv2%2Fcomments&post=83"}],"version-history":[{"count":3,"href":"https:\/\/www.violadagamba.co.at\/esterhazyensemble\/index.php?rest_route=\/wp\/v2\/pages\/83\/revisions"}],"predecessor-version":[{"id":94,"href":"https:\/\/www.violadagamba.co.at\/esterhazyensemble\/index.php?rest_route=\/wp\/v2\/pages\/83\/revisions\/94"}],"up":[{"embeddable":true,"href":"https:\/\/www.violadagamba.co.at\/esterhazyensemble\/index.php?rest_route=\/wp\/v2\/pages\/53"}],"wp:attachment":[{"href":"https:\/\/www.violadagamba.co.at\/esterhazyensemble\/index.php?rest_route=%2Fwp%2Fv2%2Fmedia&parent=83"}],"curies":[{"name":"wp","href":"https:\/\/api.w.org\/{rel}","templated":true}]}}